(y) = 4*y**3 + 8*y**2 - 2*y - a*y**3 - 5*y**2. Let f = 5 + -3. Calculate z(f).
0
Let v(c) be the third derivative of -c**5/60 + 7*c**4/24 - 42*c**2. Let j be -1 - 5/((-5)/6). What is v(j)?
10
Let u(n) = -n**2 + n + 1. Suppose 4*f + 6 = -18. Let k be 2/(0 - f/(-3)). Determine u(k).
-1
Let t(f) be the second derivative of -f**5/20 - 5*f**4/12 - f**3/6 - 3*f**2/2 + 27*f. What is t(-5)?
2
Let k(z) = z**2 - 2*z - 1. Suppose 0 = -o - l - 0 + 2, l - 2 = 0. Let w(h) = h + 3. Let f be w(o). What is k(f)?
2
Let j(y) = 3*y**3 - y**2 - 3. Let n(z) = -13*z**3 + 3*z**2 + 11. Let d(l) = -9*j(l) - 2*n(l). Let u = 16 - 12. What is d(u)?
-11
Let k(w) = -w**2 + 5*w - 2. Let f be 10/35 + 66/14. Calculate k(f).
-2
Let p = -15 - -8. Let s be p + (-4)/(-8)*6. Let h(f) = -f**3 - 5*f**2 - 4*f. Calculate h(s).
0
Let b = -29 + 24. Let n(q) = q - 4. Calculate n(b).
-9
Let i(w) = -w**2 - w + 4. Let r = -2 - -4. Let p = r - -1. What is i(p)?
-8
Let p(u) = 2*u**2 + 11*u - 9. Let r(k) = -3*k**2 - 12*k + 10. Let z(l) = -4*p(l) - 3*r(l). Let g(a) = -3*a - 3. Let q be g(-3). Give z(q).
-6
Let x(p) = 11*p**2 + 12*p + 8. Let d(c) = -4*c**2 - 4*c - 3. Suppose 24 = -2*j - j. Let m(y) = j*d(y) - 3*x(y). Let n be (0/2 - 0) + -2. Calculate m(n).
4
Let r(d) be the third derivative of -d**5/60 + d**4/24 - d**3/6 - d**2. Give r(1).
-1
Let f(b) = b - 7. Let r(z) = -z**2 - 1. Let l be r(-2). Let c be (l/3)/1*-3. Suppose 4*p - 15 = c. Calculate f(p).
-2
Let w(x) = x + 6. Let u(g) = g + 7. Let j = -13 - -17. Let l(p) = j*u(p) - 5*w(p). What is l(6)?
-8
Let x(i) be the third derivative of -i**6/120 - i**5/15 + 5*i**4/24 - i**3/6 - 9*i**2. Calculate x(-5).
-1
Let d(t) be the third derivative of -t**5/60 + t**4/4 + 5*t**3/6 + 11*t**2. Determine d(7).
-2
Let a(b) = 5*b. Let d(w) = -9*w. Let c(s) = 11*a(s) + 6*d(s). Let o(n) = 2*n**3. Let i be o(1). Calculate c(i).
2
Let z(h) = -2 - 3*h + 0*h + h. What is z(-3)?
4
Let t(u) = 4*u**2 + 5*u + 3 + 0*u - u + u**3 - 10*u**2. Let b(r) = 2*r**3 - 13*r**2 + 9*r + 6. Let s(v) = -3*b(v) + 7*t(v). What is s(3)?
6
Let i(f) be the third derivative of -f**4/24 - f**3/3 - 3*f**2. Let d = -7 + 11. Suppose -y - y + d*q - 4 = 0, 3*y - 3*q + 3 = 0. What is i(y)?
-2
Let y be (0 + 2)*(-6)/(-4). Let v be 1*(-1 - 2)*-1. Let x(h) = 5*h**2 + 0*h - v + 1 - h**3 + 5 - 4*h. Determine x(y).
9
Let s(k) = k**3 + 8*k**2 + 9*k + 5. Suppose z - 3 = 4*z, -5*v - 4*z = 39. Calculate s(v).
-9
Let t(m) = -m**2 + 4*m + 16. Let u be t(7). Let q(p) = p**3 + 6*p**2 + 6*p - 6. Give q(u).
-11
Let t(y) = -6 + 3*y - 4 - 2*y**2 + 10. Calculate t(2).
-2
Let s(u) = 5*u**2 - 12*u - 3 - 4*u**2 + 6*u. Determine s(7).
4
Let h(g) = 3*g - 3. Let a = -11 + 15. Let w = 8 - a. Calculate h(w).
9
Let q(v) be the third derivative of -v**4/12 - 5*v**3/3 - 34*v**2. What is q(7)?
-24
Let z(q) = 3*q**3 + 2*q**2 + 6*q - 1. Let j(k) = -4*k**3 - 3*k**2 - 7*k + 1. Let d(f) = -4*j(f) - 5*z(f). What is d(-2)?
5
Let p(h) = -h**3 - 6*h**2 - 4*h - 2. Let q be ((-2)/3)/(6/45). Calculate p(q).
-7
Let f = -14 - -10. Let a(l) = l**2 - l. Let v(n) = 8*n**2 - n - 2. Let b(r) = 6*a(r) - v(r). Give b(f).
-10
Let x(c) = c**2 - 6*c + 5. Let t(k) = -4*k. Let z be t(-1). Suppose 2*g = z*h + 7 + 15, 3*h - 16 = -5*g. Let d be (h - 1)/(-2 - -1). Determine x(d).
-3
Let d(w) = -w**2 + w + 1. Let m(v) = 7*v**2 - 6*v + 4. Let a(i) = -6*d(i) - m(i). Calculate a(0).
-10
Suppose -4*w = -5*v - 3, 4*v - 2*w - 10 = -5*w. Let k(j) = -j. Let g(z) be the first derivative of -z**3/3 - z**2 - 2. Let h(u) = -4*g(u) + 7*k(u). Give h(v).
5
Let v(p) = -p + 1. Let j(h) = 5*h - 3. Let d(s) = -j(s) - 4*v(s). What is d(4)?
-5
Let z(r) = 5*r**2 + 7*r - 6 + r**3 + 2*r**2 - 2*r. Suppose 7 = -2*x - 5. Give z(x).
0
Let k(b) = -4 - 17*b + 0 + 0*b. Let p(i) be the second derivative of -4*i**3/3 - i**2 + 2*i. Let z(v) = -6*k(v) + 13*p(v). Give z(-4).
6
Let q(v) = 10*v**2 - 2*v**2 - 9*v**2 - 11 - v. Calculate q(0).
-11
Let a(h) be the first derivative of 1/24*h**4 + 3/2*h**2 + 0*h + 3 + 0*h**3. Let s(c) be the second derivative of a(c). Calculate s(-5).
-5
Let k(y) be the second derivative of -y**4/12 + y**3/2 - y**2 - 54*y. Determine k(3).
-2
Let s(t) = t**3 - t. Let v(q) = 4*q + 3*q**3 - 1 + 4*q**2 - 4*q. Let b(z) = 2*s(z) - v(z). Suppose 16*i - 17*i = 2. What is b(i)?
-3
Let a(f) be the third derivative of -f**4/24 + f**3/3 - 14*f**2. Calculate a(6).
-4
Let s be -6 - (4 + -7) - (1 - 4). Let w(t) be the first derivative of -3 - 10/3*t**3 - 1/2*t**2 + s*t. Determine w(1).
-11
Let w(b) be the third derivative of -b**9/60480 - b**8/4032 - b**7/840 - b**6/240 + b**5/20 + 2*b**2. Let i(h) be the third derivative of w(h). What is i(-4)?
5
Let p(f) be the third derivative of -f**4/24 + 2*f**3/3 + f**2. Let c be p(4). Let o(j) = j**2 - 5. Give o(c).
-5
Let t(q) = q**3 + 3*q**2 - q + 3. Let v(p) = -p**3 - p**2 - p. Let j(g) = -t(g) - 3*v(g). Determine j(2).
21
Let c(m) = 3*m + 7. Let j(t) = -t - 2. Let w be (-3)/(3 + 9/(-6)). Let z(v) = w*c(v) - 7*j(v). Calculate z(4).
4
Suppose -22 = -2*g - 16. Let k(v) be the third derivative of v**g + 1/12*v**4 + v**2 + 0*v + 0. What is k(-4)?
-2
Let f(t) = -3*t + 1. Let l(w) = -13*w + 3. Let u(y) = -9*f(y) + 2*l(y). Let h be 1/(1/(-3))*-4. Suppose 0*m + 3*v = -3*m + h, 0 = 5*m + v - 16. Calculate u(m).
0
Let r(n) = n**2 - 6*n - 8. Let y = -18 + 25. What is r(y)?
-1
Let r(t) = -2*t**3 + 2*t**2 + 2*t. Let n be r(-2). Suppose 0 = -5*s + n - 0. Let k be ((-3)/2)/((-2)/s). Let l(o) = o**3 - 2*o**2 - 2*o + 2. Determine l(k).
5
Let h(x) = x - 1. Let y be h(6). Let z(g) = -g**3 + 5*g**2 + 2*g - 7. Determine z(y).
3
Let t(n) = n**2 + 6*n + 6. Let r(x) = x**2 + 5*x + 5. Let w(o) = 5*r(o) - 4*t(o). Let f = 30 - 33. What is w(f)?
7
Let b = 45 - 25. Let w be 2/6 - (-2)/(-6). Suppose w*z + b = 5*z. Let u(d) = d. Determine u(z).
4
Let d(o) = -2*o + 9. Suppose 0 = -2*f + 7 + 9. Calculate d(f).
-7
Let i be ((-90)/(-40))/(6/(-16)). Let k(x) = 3*x**2 + 0*x**2 - 2*x**2 + 6*x - 4. Determine k(i).
-4
Let k(h) = 6*h**3 - h. Let a be 1*(11 - (-1 - -3)). Let i be ((-3)/a)/(1/3). Let q be i/(2 + -3) - 0. Determine k(q).
5
Let k(c) = -34*c - 7. Let g(i) = -23*i - 5. Let n(q) = -7*g(q) + 5*k(q). Let m(o) = o - 4. Suppose 0 = -3*v + 13 - 4. Let a be m(v). Calculate n(a).
9
Let v(l) = l**3 - 10*l**2 + 1. Let j be v(10). Let k(q) = 3*q - 1. Give k(j).
2
Let p(c) = c - 10. Suppose 5*q + 4 = -1. Let h be (q - -6)/((-15)/(-18)). Calculate p(h).
-4
Let y(b) = -b**2 + 5*b - 4. Let u be y(3). Let z(h) = h**2 - 2*h + 2. Determine z(u).
2
Let b(i) = i - 2. Suppose -c - 4*k - 9 = 0, 4*c = k + 18 + 14. Give b(c).
5
Let p(a) = -5*a + 1. Suppose -g = 3*n - 7, -5*n + 13 = 2*g - 0*n. Determine p(g).
-19
Let u = 2 - 1. Let x(s) = -4*s - 2 + 2 + s. Give x(u).
-3
Let j = -3 - -3. Suppose j + 3 = g. Let m(b) = 0*b - b + 3*b - 2 - b**2. What is m(g)?
-5
Let v(y) = 2*y**2 + 6*y. Let z = 177 + -181. Calculate v(z).
8
Let u(q) = 3*q**2 + 1. Let b(x) = -x + 5. Let a be 3*8*3/18. Let w be b(a). What is u(w)?
4
Let d(t) be the first derivative of t**4/4 + t**3/3 - t**2 - 2*t - 1. Suppose 0*p - 15 = 5*p. Let a = -5 - p. What is d(a)?
-2
Let k(m) = -7*m - m + 0*m + 3*m. What is k(5)?
-25
Let j be 20/6*(-12)/(-10). Suppose -2*h = -2 - 2. Let v(t) = 4 - h*t + 3 - 1. Give v(j).
-2
Let w be 3/(-1 + -2) - 4. Let t(x) = x + 3. Calculate t(w).
-2
Suppose -3*t = -y - 0*t + 17, 0 = 3*y + 5*t + 5. Suppose 0*u + 4 = -4*u. Let z(s) = -7*s + 11. Let q(o) = -o + 1. Let v(w) = u*z(w) + 4*q(w). Calculate v(y).
8
Suppose 6 = -2*i + 5*v, -2 = -2*i - 0*v + v. Suppose 4*p = -i*w - 15 + 41, 32 = 5*p + 3*w. Let k(d) = -d**2 + 7*d + 2. What is k(p)?
2
Let u be ((-12)/(-15))/(6/15). Let m(t) = t**2 + 5*t**u - 2*t**2 - 2*t**3 - 3*t + 2. Suppose 3*y - 4 = 2. Calculate m(y).
-4
Let a(o) = 3*o**3 + 2*o**2 - o + 1. Let p be (-3)/(6/4 + 0). Calculate a(p).
-13
Let n(j) = 8*j**2 + 5*j**2 - 2 - 3*j - 14*j**2. Calculate n(-3).
-2
Let u(h) = 2*h**3 - 3*h**2 - 1. Let m(f) = 9*f**3 - 16*f**2 + f - 5. Let y(x) = -2*m(x) + 11*u(x). Calculate y(-1).
-4
Let s be 3*(2/(-3) - 0). Let t(v) be the third derivative of -v**4/8 - v**3/6 - 129*v**2. Determine t(s).
5
Let u(r) be the first derivative of -r**4/4 + r**3 - r**2 + r - 2. Suppose y + 0*h - 3 = h, 4*y + 2*h = 0. Calculate u(y).
1
Let y(z) = z**3 - 2*z**2 + 3*z - 3. Suppose -3